/3 + 6 + -2. Let o(k) = k**2 - 4*k + 1. What is o(h)?
22
Let s(p) = 2*p**2 - 23*p + 9. Let d be (7/98*4)/((-9)/(-378)). What is s(d)?
21
Suppose -46 = 66*y - 156 - 88. Let q(m) = -7*m**2 + 10*m - 4. Calculate q(y).
-37
Suppose 19*n - 36*n + 27*n = 40. Suppose -3*k = 5*z + 6, k - 3*z + 0*z - 12 = 0. Let i(g) = -k*g - 3 - 3 + g**2 + 2. What is i(n)?
0
Suppose 0 = 1374*n - 87*n - 243*n - 17748. Let a(i) be the second derivative of -i**5/20 + 3*i**4/2 - 3*i**3 + 13*i**2/2 + i. Calculate a(n).
-4
Let a(y) = -2*y**3 + 2*y**2 - 2*y + 6. Let x(m) = -m**2 - 39*m - 246. Let u be x(-8). Calculate a(u).
-6
Let l(z) = -z**3 - 10*z**2 - z - 13. Suppose -2278 + 398 = 188*k. What is l(k)?
-3
Let v(p) = p**3 - 12*p**2 + 4. Suppose -j = r, -4*r + 3*j + j = -40. Suppose d - 10 = -y, r*y - 50 - 12 = d. Give v(y).
4
Let c(a) = -10 + 3*a - 51*a**3 - 31*a**3 + 81*a**3 - 4*a + a**2. Suppose w = 4*k + 10, -5*w - 19 = -0*k + 3*k. Let g = -2 - w. Give c(g).
-10
Let p(j) = -2*j**2 - 16*j + 10. Let i = 6157 + -6165. Give p(i).
10
Let o(h) = 19*h + 35. Let t be (-23)/4 - 1/(24/(-18)). Let c(b) = 12*b + 23. Let k(j) = t*o(j) + 8*c(j). Calculate k(0).
9
Let t(x) = 159*x**2 + 15 + 81*x**3 + 162*x**2 - 83*x**3 + 168*x**2 - 11*x - 484*x**2. Give t(5).
-165
Suppose -2441*u + 2444*u + 6 = 0. Let t(x) = 1. Let r(k) = -2*k - 3. Let h(l) = -2*l + 9. Let o be h(4). Let n(v) = o*r(v) + 2*t(v). Give n(u).
3
Let r = -98 + 141. Let k = -49 + r. Let c(m) = 4*m + 7. Calculate c(k).
-17
Let p(i) = -i**2 - 12*i - 12. Let b be 19/(-1) + (-28 - -39). Calculate p(b).
20
Suppose 5*a - 2*f = 26, a - 7 - 3 = -2*f. Let h(b) = 5*b**2 + 0*b**3 + a*b - b**3 + 1 - 7. Suppose -624 + 702 = 13*p. Give h(p).
-6
Suppose 4*u + 65 - 205 = 0. Let z = u + -29. Let m(f) be the first derivative of -f**4/4 + 7*f**3/3 - 5*f**2 + 9*f + 26. Give m(z).
-15
Let g = 35 + -32. Suppose -g*r - 5*w = -w - 22, 0 = r + 3*w - 14. Suppose -a = r*b - 1, -2*a - 3*b + 19 = -4*a. Let d(x) = -x. Give d(a).
5
Let n(l) = l**3 - 10*l**2 - 12*l + 3. Let r(q) = -q**3 + q**2 + 10*q + 61. Let a be r(5). Calculate n(a).
-8
Let j(q) be the third derivative of q**4/6 - 25*q**3/3 + 212*q**2. Calculate j(10).
-10
Let m(p) be the first derivative of p**4/4 - 6*p**3 - 39*p**2/2 - 21*p + 1038. Calculate m(20).
-1
Let y = 13 + -8. Suppose -7 = 5*x - 2*d, -7*x + 8 = -3*x - y*d. Let n(u) be the second derivative of -u**4/6 + 2*u**2 - 2*u + 3. What is n(x)?
-14
Let k(i) = -i - 7*i - 3 + i**2 - 4. Let c(v) be the first derivative of v**4/2 - 37*v**3/3 + 17*v**2/2 + 27*v - 20. Let a be c(18). What is k(a)?
2
Let y(l) be the third derivative of -7*l**4/24 - 3*l**3 + 2*l**2 - 141*l. What is y(-5)?
17
Let c(h) = 173*h + 44 - 2*h**2 + 10*h**2 - 176*h + h**3. Let n be c(-9). Let w(a) = -a**3 - 11*a**2 - 9*a - 12. What is w(n)?
-22
Suppose 0 = -119*l + 1530 - 459. Let f(d) = -6*d + 2. What is f(l)?
-52
Let l(b) = b - 18. Let f(h) = -49*h + 940. Let o be f(19). Give l(o).
-9
Let x(u) = -4*u**2 - 2*u**2 + 0*u**3 - 8 - 7*u + u**3 + 13. Suppose 0 = 19*j - 15*j - 12. Suppose 2*g + 4*w + 2 = 0, -j - 1 = w. What is x(g)?
5
Let s(t) = -t - 7. Let z = 11 - 11. Suppose -3*h + 270 = 4*c - 66, z = -4*h - 3*c + 441. Let o be (-3)/5 + 0 - h/20. Determine s(o).
-1
Let x = 7 - -5. Suppose -2*l + x = l. Suppose -20 = 2*j - l*c, -2*j + c = -c + 10. Let y(q) = q + 2. Calculate y(j).
2
Let g(b) be the second derivative of -b**4/12 + 35*b**3/6 - 46*b**2 - 1062*b. What is g(32)?
4
Let m = 279 - 275. Let n(c) = -6*c**3 + 13*c**2 + c - 4. Let d(y) = -5*y**3 + 11*y**2 + y - 4. Let z(j) = m*n(j) - 5*d(j). Determine z(3).
1
Let b(w) = 11*w**2 + 2*w + 1. Let d(v) = 49*v - 442. Let m be d(9). Give b(m).
10
Let k(v) = -12*v**3 - 19*v**2 + 53*v - 15. Let y(c) = 7*c**3 + 10*c**2 - 29*c + 7. Let b(l) = 4*k(l) + 7*y(l). Give b(5).
9
Suppose -3*r = 4*d + 21, -d - 5*r - 14 = 4. Let k(p) = 2*p**2 + p**2 + 1 - 8*p - 6*p**2 + 0*p**3 - p**3 + 4*p. What is k(d)?
13
Let u(d) = 2*d**2 - 31*d + 44. Let a be u(14). Let g(w) = 3 + 0*w**2 - 4 - 2*w**a - 3 - 2*w**2 - 2*w + 2*w**3. Determine g(4).
52
Let x(c) = -10*c - 7. Let f(w) = 20*w + 13. Let d(a) = 6*f(a) + 11*x(a). Let g be (-5 + 7/2)*(-36)/27. What is d(g)?
21
Let h(c) = -33*c - 18 + 0*c**2 + 0*c**2 - 31*c**2 + 26*c**2. What is h(-6)?
0
Let v(s) = -11*s**3 - 4*s**2 - 4. Let g be (-4)/6 + (-644)/(-138). Let q(t) = -33*t**3 - 11*t**2 - 11. Let a(m) = g*q(m) - 11*v(m). Determine a(-1).
11
Suppose -4*i + 2*g - 2 = 0, -4*i + 91*g - 86*g = -1. Let s(n) = -4*n**2 - 1. Determine s(i).
-5
Let h(d) = -d**2 - 3*d + 6. Suppose p = -0*p + 4. Suppose 109 + 95 = p*o + 4*q, 99 = 2*o - q. Let c = o + -55. What is h(c)?
-4
Let i(g) be the second derivative of 2/3*g**3 + 1/2*g**2 + 13*g - 1/12*g**4 + 0. Suppose 0 = 5*d - 9*p + 13*p - 16, 0 = -2*d + 3*p + 11. Calculate i(d).
1
Let n(u) = -u**3 + 11*u + 2. Let s(v) = -2*v**2 - 1. Let d(j) = -n(j) + 2*s(j). Give d(6).
2
Let n(z) = 2*z**3 + 12*z**2 + 10*z + 13. Let t be n(-5). Let u(k) = -2*k**2 + 25*k + 9. Determine u(t).
-4
Suppose 4*i - 2*a = 1524, 1109 = 3*i + 5*a - 47. Let y = i - 387. Let b(q) = -q - 3. Determine b(y).
2
Let r(o) = -2*o**2 - 2*o + 2. Let t be r(-3). Let s(z) = -37 + 31 + z**3 + 4*z**2 + 0*z**2 + 6*z**2 - 2. Determine s(t).
-8
Let k(j) = -27*j - 71. Let c(o) = 10*o + 28. Let m(n) = -8*c(n) - 3*k(n). Calculate m(-8).
-19
Suppose -15*x + 189 - 86 = 88. Let m(s) = 108*s - 105. What is m(x)?
3
Let z(u) be the second derivative of -u**4/12 + u**3 + 11*u. Let h(t) = 8*t - 15. Let v be h(2). Let j be v + 4/(1 - 0). Calculate z(j).
5
Let z(r) = -3*r**3 + 12*r**2 - 13*r + 16. Suppose -8*u + 0*u - 630 + 662 = 0. Calculate z(u).
-36
Suppose 0 = -h - 4*h + 3*p - 1290, 2*p + 793 = -3*h. Let r = 366 + h. Let o = r - 102. Let i(j) = j + 1. What is i(o)?
4
Let p(u) = 7*u**3 + 13*u**2 - 21*u + 6. Let c(y) = 11*y**3 + 15*y**2 - 20*y + 4. Let j(t) = 2*c(t) - 3*p(t). What is j(4)?
2
Let v(t) = 4*t - 6. Let l = 6277 + -6279. Calculate v(l).
-14
Let q(n) = 2*n**2 + 38*n + 10. Suppose -70 = 5*r + 2*x, -10*x = -r - 5*x - 41. Determine q(r).
-86
Let z(k) = -40*k + 118. Let a be z(3). Let c(m) = 12*m + 10. Give c(a).
-14
Let t be 1 + -3 - -22*4/8. Suppose -t*r = -4 - 5. Suppose w + 5 + r = 0. Let x(a) = a + 4. Give x(w).
-2
Let b(k) = 19*k + 29. Let i(s) = 21*s. Let g(r) = 3*b(r) - 3*i(r). Determine g(14).
3
Let u(j) = 4*j + 141. Let i be (-2)/(-4) + (6/(-5) - 6573/210). What is u(i)?
13
Let d(z) be the first derivative of -z**2 + 3*z + 38377. Let p(y) = -2*y**3 - y**2 + 2*y + 2. Let m be p(-2). Let v be 16/6*15/m. Give d(v).
-5
Let g(b) = 0 - b**2 - 98 + 17*b + b + 7*b. Let o be g(20). Let r(q) = -6*q**2 - 4*q + 3. Give r(o).
-29
Let m(p) = p**2 - 4*p + 14. Let y(x) = -2*x + 1. Let r(h) = 3*h - 2. Let f(a) = -3*r(a) - 5*y(a). Let q(z) = -6*f(z) + m(z). Determine q(7).
-13
Let u(z) = -z + 2. Let v be 45/90*(5 + (-1 - -2)). Suppose -v*s + 364 = 61. Let r = s - 97. Determine u(r).
-2
Let x(k) = k**2 - 2*k - 8. Suppose 4*o - 127*r + 131*r = 20, 4*r - 25 = -5*o. What is x(o)?
7
Let k(g) = g**3 + 30*g**2 - 59*g + 153. Let s be (-312)/(-104)*96/(-9). Give k(s).
-7
Let m(o) = 30 - 11 - 2*o - 45. Determine m(-8).
-10
Suppose -6*p - 5*g = -p - 115, 0 = -5*p + 3*g + 115. Let l(r) = 2 - 7*r - 15*r + 1 + p*r. Suppose n = -4*t, 5*n + 0*t = t - 42. Give l(n).
-5
Suppose 7*m + 39 = -11*n + 8*n, 0 = 4*n + 5*m + 52. Let r(t) be the first derivative of t**2/2 + 9*t - 5. Determine r(n).
-4
Let l = -276 - -276. Let q(k) = k - k - 9 + k**2 - 3. What is q(l)?
-12
Let x(g) = 6*g + 0*g - 6*g - 3*g - 9 + 4*g**2. Let a(l) = -2*l**2 + l + 4. Let s(f) = -5*a(f) - 2*x(f). Let p be (-8 - -1)*330/1155. What is s(p)?
4
Let f(u) = -3*u**2 - 127*u - 174. Let a be f(-41). Let h(w) = w - 14. Calculate h(a).
-24
Let t(m) be the third derivative of m**4/12 - 5*m**3/2 - m**2 + m + 1243. What is t(6)?
-3
Let s be -11*(16 - 1602/99). Let n(b) be the third derivative of 0 - 1/120*b**6 + 1/10*b**5 + 0*b - 11*b**s + 1/8*b**4 + 4/3*b**3. Calculate n(7).
-20
Let l be (-25)/30*(-54)/15. Let i(o) = 5*o**2 - 3*o + 2. Give i(l).
38
Suppose 135*p - 248 - 427 = 0. Let u(l) = -2*l**2 + 2*l - 2. Give u(p).
-42
Let f(z) = z**3 - 86*z**2 - 213*z - 4822. Let p be f(89). Let k(r) be the third derivative of r**4/24 + 11*r**3/6 + r**2. Determine k(p).
-5
Let x = -17 + 22. Suppose